 2*n - 1 = i + 2*i, 41 = -3*n - 4*i. Let k(u) = -6*u + 7. What are the prime factors of k(n)?
7
Let o = 1128 - 595. What are the prime factors of o?
13, 41
Let g = -3 - -42. Suppose -2*j + 3*u = -12 - g, 0 = 5*j + 3*u - 159. List the prime factors of j.
2, 3, 5
Suppose 8*y - 738 = 910. What are the prime factors of y?
2, 103
Suppose 53 = h - d + 5*d, 2*h + 2*d - 88 = 0. Suppose 2*z + 2*z + u = 48, -3*z - 2*u = -h. What are the prime factors of z?
11
Let x(c) = c**2 - 5*c + 5. Let j be x(2). What are the prime factors of (-161)/(-23)*(j + 22)?
3, 7
Suppose 21517 = 41*m - 11119. What are the prime factors of m?
2, 199
Let j be (-2)/(-6) + 2 + (-1752)/(-9). Suppose -3*o + 2*u - j + 815 = 0, -4*u = -4*o + 824. List the prime factors of o.
2, 103
Let r be 255 + 4 + 4 + -5. List the prime factors of 12/(-30) + (-3)/5 + r.
257
Let k(d) = -2*d + 5. Let a be k(3). Let c be ((-2)/(-4)*28)/a. List the prime factors of 2/7 - 724/c.
2, 13
Let w be (-9)/(-6)*-2*2. Let v(c) = -c**3 - 7*c**2 - 11*c - 15. Let r be v(w). Let i = r + -9. List the prime factors of i.
2, 3
Suppose -k = 2*r + 8, 2*r + 9 + 35 = -4*k. Let i be k/3 + 2 + 17. List the prime factors of (-32)/(-12)*(i - 3).
2
Suppose -42 = -2*y + 16. Let j be 2*-1*(-6)/4. Suppose 0 = 2*l - j*l + y. What are the prime factors of l?
29
Suppose 5*q + 18 = 63. Suppose 432 = q*s - 2574. List the prime factors of s.
2, 167
Let c = -826 + 1301. List the prime factors of c.
5, 19
Suppose 0 = 2*p + 5*s - 3189, -31*s = -36*s - 25. What are the prime factors of p?
1607
Suppose 1134 + 3096 = -15*j. List the prime factors of ((-2)/3 + j/(-72))*8.
2, 13
List the prime factors of (-305970)/(-357) + 2/(-34).
857
Let q(w) = 986*w**3 + 3*w**2 - 7*w + 4. List the prime factors of q(1).
2, 17, 29
Let m(i) = i**2 + 8*i + 25. Let d be m(-6). Let b be ((-1)/(-3))/(1/51). Let t = d + b. List the prime factors of t.
2, 3, 5
Suppose -h + 2*h - 5 = 0, 0 = -2*q - 3*h + 1963. What are the prime factors of q?
2, 487
Let w = -18 - -87. Let h = -9 + w. List the prime factors of h.
2, 3, 5
Let z(i) = -i**2 + 3*i - 2. Let q be z(1). Suppose -2*o + w + 20 = q, 4*o = -3*w - 2 + 42. List the prime factors of 41 + -2*5/o.
2, 5
Suppose -16*z - 9*z + 10000 = 0. What are the prime factors of z?
2, 5
Let w(l) = 5*l**2 + l + 7. Let g be w(3). List the prime factors of 2/11 + 5/g*504.
2, 23
List the prime factors of (9380 + 6)*(-5)/(-10).
13, 19
Let y be (-44)/(-7) + 10/(-35). Suppose y = 2*h + n - 0, 4*n = -2*h + 12. Suppose 2*c = -8, -56 = -4*r - h*c + c. What are the prime factors of r?
3, 5
Suppose -429 = -3*k + 5*c - 82, k - 115 = c. Let i = 9 + k. What are the prime factors of i?
3, 41
What are the prime factors of (-13 - -21) + (2 - -360)?
2, 5, 37
Let u(f) be the third derivative of -f**6/120 + 7*f**5/60 - f**4/8 - 7*f**3/6 - 27*f**2. List the prime factors of u(4).
29
Suppose -1930*t + 41472 = -1918*t. What are the prime factors of t?
2, 3
Let x be 4/((-11)/110*5/(-2)). Suppose 113 = 3*o - x. List the prime factors of o.
43
Let a(p) = -23*p - 6. Let h be a(2). List the prime factors of ((-17)/(-4))/((-209)/h + -4).
13, 17
Let i(a) = -61*a + 648. What are the prime factors of i(-4)?
2, 223
Let a = -1752 + 5364. What are the prime factors of a?
2, 3, 7, 43
Suppose q + 2 = 5. Suppose 0 = u + 3*y - 57, -u + q*y = 2*y - 61. Suppose -3*z = -2*t - 64, -2*z - t = 2*t - u. What are the prime factors of z?
2, 3
Suppose 7 = -z - 4*u, 0*u = 4*u + 8. Suppose 0 = -4*b + 21 - z. Let x(h) = 6*h - 12. List the prime factors of x(b).
2, 3
Let c(x) = 3*x**3 - x**2 + x. Let v be c(1). Suppose -m = 2*j + 2*j + 22, 5*j + v*m + 31 = 0. What are the prime factors of (-58)/(-4) - j/(-10)?
2, 7
List the prime factors of (-5)/(-20) - (-3)/(12/4183).
2, 523
Suppose 3*n + 6 = 5*n. Suppose 5*g + 7*l - 4*l = 456, 84 = g + n*l. Suppose 2*d = 5*d - g. List the prime factors of d.
31
Let g(t) = 710*t**2 + 6*t + 4. List the prime factors of g(-1).
2, 3, 59
Let a be ((-4)/18)/(-2) + (-51)/(-27). Suppose a*l = 2*k - 0*k + 10, 0 = 3*l + k - 19. List the prime factors of l.
2, 3
Let g = 67 + -18. Suppose 0 = 14*c - 9*c + 115. Let m = g + c. List the prime factors of m.
2, 13
Suppose 0 = -7*w + 22*w - 30. Suppose -5*q = 10, 2*q + 678 = 5*l - w*q. List the prime factors of l.
2, 67
Let q = 7 - 2. Suppose -3*t - 100 = -q*b, 4*t + 3 = -b - 0*b. Suppose b + 99 = 2*c. What are the prime factors of c?
2, 29
Let u(g) = 5*g - 1. Let n be u(2). Let m be (-6)/(-14)*(n + -2). Suppose b + b - 2*o = 28, -5*o = -m*b + 52. List the prime factors of b.
3
Suppose c + 2*b + 9 = -2*b, -2*b = -5*c - 67. List the prime factors of 1 - 14130/(-78) - (-2)/c.
2, 7, 13
Suppose -1587 = -3*g - 3*s, 9*g - 6*g = 5*s + 1611. What are the prime factors of g?
2, 7, 19
Suppose 73 = -5*h - 2*b, -2*h + 7*h + 4*b + 71 = 0. List the prime factors of (-3)/h + 1358/10.
2, 17
Suppose -2*d + 5*l + 13 = 4*l, 2*d - 23 = 3*l. Suppose m + p = 314, -d*m + 0*p + p = -1236. List the prime factors of m.
2, 5, 31
Suppose 4*o - 40 = -4*o. Suppose j - 2*j + 21 = 5*k, -3*k + o*j = -35. Suppose -3*g = -2*s - 3*s - 142, -131 = -4*g - k*s. List the prime factors of g.
3, 13
Suppose i = n - 7, -2*i = 4*n + i. Suppose -7*b + n*b = -72. Let t = -16 + b. List the prime factors of t.
2
Let n(m) = 22*m - 29. Let q(f) = -44*f + 57. Let l(g) = 5*n(g) + 2*q(g). List the prime factors of l(8).
5, 29
Let s = -70 + 18. Let u = 36 + s. List the prime factors of (40/6)/(u/(-72)).
2, 3, 5
Let m be 118/3*(-3)/2*1. Let p = -45 - m. What are the prime factors of p?
2, 7
Let u be (-5)/(-3) - (-2)/6. Let z = 32 + -94. List the prime factors of 1/u + z/(-4).
2
Let i = 14 - 22. Let r be -4 + 2*(-4)/i. Let b = 11 - r. What are the prime factors of b?
2, 7
Suppose -2*y - 52 = -6*y. Let t(x) = x**3 - 13*x**2 + 4*x - 5. List the prime factors of t(y).
47
Let u = -210 - -233. Suppose 95 = 5*n - 3*k, 3*k + 4 = -11. Let i = u - n. What are the prime factors of i?
7
Let x be 3/((-6)/4) - -110. Let o = x - -23. List the prime factors of o.
131
Suppose -2*w = -v + 91, w = -4*v - 2*w + 353. List the prime factors of v.
89
Let c = -5530 + 9425. What are the prime factors of c?
5, 19, 41
Let p(k) = k**2 + 11*k - 17*k + 15 + 10*k. List the prime factors of p(-4).
3, 5
Let o be (-4)/10 + (-36)/(-15). Let q(c) = -1 - 2 + c**o + 4 + c**2. What are the prime factors of q(1)?
3
Let f be 3 + (-36)/3 - -1. Let o be ((-4)/f)/((-3)/(-36)). What are the prime factors of (-4)/(-6)*279/o?
31
Suppose 28*d - 1467 = 21521. What are the prime factors of d?
821
Let w(b) = 26*b**2 + b - 3. Let k be w(-2). Let o = 208 - k. What are the prime factors of o?
109
Let l(b) be the third derivative of -1/4*b**5 + 0*b - 5*b**2 + 2/3*b**4 + 1/120*b**6 - 5/3*b**3 + 0. What are the prime factors of l(14)?
2, 3
Suppose 2*o - 3*h + 68 = 0, -5*o + h - 201 + 57 = 0. Let b be (-1)/(-3) + o/(-6). Suppose -b*c + 0*c + 110 = 0. List the prime factors of c.
2, 11
Let w be (-25)/(-4)*(6 - -6). Suppose -2 = -s, 0 = 4*b - 3*s - w - 59. List the prime factors of b.
5, 7
Let u be -2 - -4 - 6 - 11. Let k = 31 + u. What are the prime factors of k?
2
Let v be (-205)/10 - (-2)/4. Let h = 36 + v. Suppose 0 = -4*o + 3*z + 74, -o - 2*z + 4*z + h = 0. List the prime factors of o.
2, 5
Suppose 5*t - 21 + 11 = 0. Let g(u) = u - 9. Let x be g(7). Let k = t - x. List the prime factors of k.
2
Let j(y) = 212*y + 27. List the prime factors of j(6).
3, 433
Let o be (4 - 8) + 4/2. What are the prime factors of 41*((-11)/(-13) + o/(-13))?
41
Let z(c) = c**3 + 5*c**2 + 7*c + 1. Let m be z(-3). List the prime factors of 1/m - (2 - 63/2).
29
Suppose o = -2*o. Suppose 132 = -o*y + 2*y. What are the prime factors of y?
2, 3, 11
Let i(j) be the third derivative of 23*j**4/12 - 17*j**3/3 - 4*j**2. What are the prime factors of i(5)?
2, 7
Let y = 80 + -97. Let k(l) = -l**3 - 16*l**2 + 3*l - 40. What are the prime factors of k(y)?
2, 3, 11
Suppose -3*n = -4*s - 245, -18*n - 2*s + 312 = -14*n. List the prime factors of n.
79
What are the prime factors of 2750 - (-4)/7*(-5 + 19)?
2, 7, 197
Let h(x) = 3*x + 17. Let s be h(-7). Let b be (16/(-4))/s + -29. What are the prime factors of 8/b - 256/(-14)?
2, 3
Suppose 4*l = 3347 + 557. Suppose 8*b - l = -0*b. What are the prime factors of b?
2, 61
Let s be (141/4)/((-21)/56). Let p = s + 18